{"id":70273,"date":"2022-03-24T11:58:12","date_gmt":"2022-03-24T08:58:12","guid":{"rendered":"https:\/\/rockpark.com.tr\/?post_type=product&#038;p=70273"},"modified":"2022-05-31T13:31:31","modified_gmt":"2022-05-31T10:31:31","slug":"pow-supply-co-tiger-abec-7-kaykay-rulman","status":"publish","type":"product","link":"https:\/\/rockpark.com.tr\/index.php\/urun\/pow-supply-co-tiger-abec-7-kaykay-rulman\/","title":{"rendered":"Pow Supply Co Tiger Abec 7 Kaykay Rulman"},"content":{"rendered":"","protected":false},"excerpt":{"rendered":"<p>Pow Supply Co Tiger Abec 7 Kaykay Rulman (8&#8217;li set)<\/p>\n<p>8&#8217;li Pow Supply Co. rulman seti<br \/>\nDerecelendirme: ABEC 7<br \/>\n9001 sertifikal\u0131<br \/>\nY\u00fcksek performans ve dayan\u0131kl\u0131l\u0131k<\/p>\n<p>Pow Supply Co Hakk\u0131nda:<\/p>\n<p>A&#8217;dan Z&#8217;ye, t\u00fcm bile\u015fenlerinde en \u00fcst d\u00fczey kaliteyi sunan tam bir Pro kaykay markas\u0131d\u0131r Pow Supply Co. Her seviye i\u00e7in uygundur. E\u015fsiz bir kaliteyi harika bir fiyatla takdim eder. Tasar\u0131mlar\u0131 ise \u00e7arp\u0131c\u0131d\u0131r. Kaykay d\u00fcnyas\u0131n\u0131n kendine \u00f6zg\u00fc enerjisini, ilham\u0131n\u0131 sokaklardan alan \u00f6zg\u00fcn ve yarat\u0131c\u0131 fikirlerle bulu\u015fturur.<\/p>\n","protected":false},"featured_media":70271,"comment_status":"open","ping_status":"closed","template":"","meta":[],"class_list":{"0":"post-70273","1":"product","2":"type-product","3":"status-publish","4":"has-post-thumbnail","6":"product_cat-kaykay","7":"product_cat-rulman","9":"first","10":"instock","11":"taxable","12":"shipping-taxable","13":"product-type-simple"},"_links":{"self":[{"href":"https:\/\/rockpark.com.tr\/index.php\/wp-json\/wp\/v2\/product\/70273","targetHints":{"allow":["GET"]}}],"collection":[{"href":"https:\/\/rockpark.com.tr\/index.php\/wp-json\/wp\/v2\/product"}],"about":[{"href":"https:\/\/rockpark.com.tr\/index.php\/wp-json\/wp\/v2\/types\/product"}],"replies":[{"embeddable":true,"href":"https:\/\/rockpark.com.tr\/index.php\/wp-json\/wp\/v2\/comments?post=70273"}],"wp:featuredmedia":[{"embeddable":true,"href":"https:\/\/rockpark.com.tr\/index.php\/wp-json\/wp\/v2\/media\/70271"}],"wp:attachment":[{"href":"https:\/\/rockpark.com.tr\/index.php\/wp-json\/wp\/v2\/media?parent=70273"}],"curies":[{"name":"wp","href":"https:\/\/api.w.org\/{rel}","templated":true}]}}