{"id":69754,"date":"2020-07-03T15:31:56","date_gmt":"2020-07-03T12:31:56","guid":{"rendered":"http:\/\/rockpark.com.tr\/?post_type=product&#038;p=69754"},"modified":"2021-12-06T11:24:57","modified_gmt":"2021-12-06T08:24:57","slug":"pow-8-0-plant-i-complete-kaykay","status":"publish","type":"product","link":"https:\/\/rockpark.com.tr\/index.php\/urun\/pow-8-0-plant-i-complete-kaykay\/","title":{"rendered":"Pow 8.0 Plant I Complete Kaykay"},"content":{"rendered":"<p>Pow 8.0 Plant I Complete Kaykay<\/p>\n<p>Sticker hediyelidir!<\/p>\n<p>Geni\u015flik: 8.0&#8243;<br \/>\nUzunluk: 31.5&#8243;<br \/>\nKonstr\u00fcksiyon: 7 Ply Hard Rock Maple<br \/>\nAbec 7 Rulman<br \/>\nPow tekerlek &#8211; 52mm 101A sertlik<br \/>\nKaykay d\u00fcnyas\u0131n\u0131n e\u015fsiz enerjisini, ilham\u0131n\u0131 sokaklardan alan \u00f6zg\u00fcn ve yarat\u0131c\u0131 tasar\u0131mlarla bulu\u015fturan POW, e\u015fsiz bir kaliteyi, harika bir fiyat ile sunuyor. POW kaykay tahtalar\u0131 City, Faces ve Plant koleksiyonlar\u0131ndan olu\u015fuyor.<\/p>\n","protected":false},"excerpt":{"rendered":"<p>Pow 8.0 Plant I Complete Kaykay Sticker hediyelidir! Geni\u015flik: 8.0&#8243; Uzunluk: 31.5&#8243; Konstr\u00fcksiyon: 7 Ply Hard Rock Maple Abec 7 Rulman Pow tekerlek &#8211; 52mm 101A sertlik Kaykay d\u00fcnyas\u0131n\u0131n e\u015fsiz enerjisini, ilham\u0131n\u0131 sokaklardan alan \u00f6zg\u00fcn ve yarat\u0131c\u0131 tasar\u0131mlarla bulu\u015fturan POW, e\u015fsiz bir kaliteyi, harika bir fiyat ile sunuyor. POW kaykay tahtalar\u0131 City, Faces ve Plant&hellip;<\/p>\n","protected":false},"featured_media":69757,"comment_status":"open","ping_status":"closed","template":"","meta":[],"class_list":{"0":"post-69754","1":"product","2":"type-product","3":"status-publish","4":"has-post-thumbnail","6":"product_cat-kaykay","8":"first","9":"instock","10":"taxable","11":"shipping-taxable","12":"product-type-simple"},"_links":{"self":[{"href":"https:\/\/rockpark.com.tr\/index.php\/wp-json\/wp\/v2\/product\/69754","targetHints":{"allow":["GET"]}}],"collection":[{"href":"https:\/\/rockpark.com.tr\/index.php\/wp-json\/wp\/v2\/product"}],"about":[{"href":"https:\/\/rockpark.com.tr\/index.php\/wp-json\/wp\/v2\/types\/product"}],"replies":[{"embeddable":true,"href":"https:\/\/rockpark.com.tr\/index.php\/wp-json\/wp\/v2\/comments?post=69754"}],"wp:featuredmedia":[{"embeddable":true,"href":"https:\/\/rockpark.com.tr\/index.php\/wp-json\/wp\/v2\/media\/69757"}],"wp:attachment":[{"href":"https:\/\/rockpark.com.tr\/index.php\/wp-json\/wp\/v2\/media?parent=69754"}],"curies":[{"name":"wp","href":"https:\/\/api.w.org\/{rel}","templated":true}]}}