{"id":69567,"date":"2019-12-04T13:06:14","date_gmt":"2019-12-04T10:06:14","guid":{"rendered":"http:\/\/rockpark.com.tr\/?post_type=product&#038;p=69567"},"modified":"2022-06-16T20:25:41","modified_gmt":"2022-06-16T17:25:41","slug":"bronson-raw-bearings","status":"publish","type":"product","link":"https:\/\/rockpark.com.tr\/index.php\/urun\/bronson-raw-bearings\/","title":{"rendered":"Bronson Raw Bearings"},"content":{"rendered":"<h1>Bug\u00fcn\u00fcn Kaykay i\u00e7in tasarlanan Yeni Nesil Rulmanlar\u0131.<\/h1>\n<h3>\u015eimdiye kadar yap\u0131lm\u0131\u015f en h\u0131zl\u0131, en g\u00fc\u00e7l\u00fc, en uzun \u00f6m\u00fcrl\u00fc, en uzun spin kaykay rulman\u0131.<\/h3>\n<p>&nbsp;<\/p>\n<p>&nbsp;<\/p>\n<p><iframe loading=\"lazy\" title=\"Bronson Speed Co: RAW | Next Generation Shieldless Bearings\" width=\"1140\" height=\"641\" src=\"https:\/\/www.youtube.com\/embed\/L-rM3tJVgKY?feature=oembed\" frameborder=\"0\" allow=\"accelerometer; autoplay; clipboard-write; encrypted-media; gyroscope; picture-in-picture; web-share\" referrerpolicy=\"strict-origin-when-cross-origin\" allowfullscreen><\/iframe><\/p>\n","protected":false},"excerpt":{"rendered":"<p>Bug\u00fcn\u00fcn Kaykay i\u00e7in tasarlanan Yeni Nesil Rulmanlar\u0131. \u015eimdiye kadar yap\u0131lm\u0131\u015f en h\u0131zl\u0131, en g\u00fc\u00e7l\u00fc, en uzun \u00f6m\u00fcrl\u00fc, en uzun spin kaykay rulman\u0131. &nbsp; &nbsp;<\/p>\n","protected":false},"featured_media":69569,"comment_status":"open","ping_status":"closed","template":"","meta":[],"class_list":{"0":"post-69567","1":"product","2":"type-product","3":"status-publish","4":"has-post-thumbnail","6":"product_cat-kaykay","7":"product_cat-rulman","9":"first","10":"instock","11":"taxable","12":"shipping-taxable","13":"product-type-simple"},"_links":{"self":[{"href":"https:\/\/rockpark.com.tr\/index.php\/wp-json\/wp\/v2\/product\/69567","targetHints":{"allow":["GET"]}}],"collection":[{"href":"https:\/\/rockpark.com.tr\/index.php\/wp-json\/wp\/v2\/product"}],"about":[{"href":"https:\/\/rockpark.com.tr\/index.php\/wp-json\/wp\/v2\/types\/product"}],"replies":[{"embeddable":true,"href":"https:\/\/rockpark.com.tr\/index.php\/wp-json\/wp\/v2\/comments?post=69567"}],"wp:featuredmedia":[{"embeddable":true,"href":"https:\/\/rockpark.com.tr\/index.php\/wp-json\/wp\/v2\/media\/69569"}],"wp:attachment":[{"href":"https:\/\/rockpark.com.tr\/index.php\/wp-json\/wp\/v2\/media?parent=69567"}],"curies":[{"name":"wp","href":"https:\/\/api.w.org\/{rel}","templated":true}]}}