{"id":69526,"date":"2019-10-22T18:25:32","date_gmt":"2019-10-22T15:25:32","guid":{"rendered":"http:\/\/rockpark.com.tr\/?post_type=product&#038;p=69526"},"modified":"2021-12-06T11:28:14","modified_gmt":"2021-12-06T08:28:14","slug":"pow-8-0-plant-i-kaykay-tahtasi","status":"publish","type":"product","link":"https:\/\/rockpark.com.tr\/index.php\/urun\/pow-8-0-plant-i-kaykay-tahtasi\/","title":{"rendered":"Pow 8.0 Plant I Kaykay Tahtas\u0131"},"content":{"rendered":"<p>Pow 8.0 Plant I Kaykay Tahtas\u0131<\/p>\n<p>Z\u0131mpara ve Sticker hediyelidir!<\/p>\n<p>Geni\u015flik: 8.0&#8243;<br \/>\nUzunluk: 31.5&#8243;<br \/>\nKonstr\u00fcksiyon: 7-ply<\/p>\n<p>Kaykay d\u00fcnyas\u0131n\u0131n e\u015fsiz enerjisini, ilham\u0131n\u0131 sokaklardan alan \u00f6zg\u00fcn ve yarat\u0131c\u0131 tasar\u0131mlarla bulu\u015fturan POW, e\u015fsiz bir kaliteyi, harika bir fiyat ile sunuyor. POW kaykay tahtalar\u0131 City, Faces ve Plant koleksiyonlar\u0131ndan olu\u015fuyor.<\/p>\n","protected":false},"excerpt":{"rendered":"<p>Pow 8.0 Plant I Kaykay Tahtas\u0131 Z\u0131mpara ve Sticker hediyelidir! Geni\u015flik: 8.0&#8243; Uzunluk: 31.5&#8243; Konstr\u00fcksiyon: 7-ply Kaykay d\u00fcnyas\u0131n\u0131n e\u015fsiz enerjisini, ilham\u0131n\u0131 sokaklardan alan \u00f6zg\u00fcn ve yarat\u0131c\u0131 tasar\u0131mlarla bulu\u015fturan POW, e\u015fsiz bir kaliteyi, harika bir fiyat ile sunuyor. POW kaykay tahtalar\u0131 City, Faces ve Plant koleksiyonlar\u0131ndan olu\u015fuyor.<\/p>\n","protected":false},"featured_media":69527,"comment_status":"open","ping_status":"closed","template":"","meta":[],"class_list":{"0":"post-69526","1":"product","2":"type-product","3":"status-publish","4":"has-post-thumbnail","6":"product_cat-deck","7":"product_cat-kaykay","9":"first","10":"instock","11":"taxable","12":"shipping-taxable","13":"product-type-simple"},"_links":{"self":[{"href":"https:\/\/rockpark.com.tr\/index.php\/wp-json\/wp\/v2\/product\/69526","targetHints":{"allow":["GET"]}}],"collection":[{"href":"https:\/\/rockpark.com.tr\/index.php\/wp-json\/wp\/v2\/product"}],"about":[{"href":"https:\/\/rockpark.com.tr\/index.php\/wp-json\/wp\/v2\/types\/product"}],"replies":[{"embeddable":true,"href":"https:\/\/rockpark.com.tr\/index.php\/wp-json\/wp\/v2\/comments?post=69526"}],"wp:featuredmedia":[{"embeddable":true,"href":"https:\/\/rockpark.com.tr\/index.php\/wp-json\/wp\/v2\/media\/69527"}],"wp:attachment":[{"href":"https:\/\/rockpark.com.tr\/index.php\/wp-json\/wp\/v2\/media?parent=69526"}],"curies":[{"name":"wp","href":"https:\/\/api.w.org\/{rel}","templated":true}]}}