{"id":2111,"date":"2014-04-08T21:30:36","date_gmt":"2014-04-08T21:30:36","guid":{"rendered":"http:\/\/captivademo.commercegurus.com\/?page_id=2111"},"modified":"2015-09-21T19:38:48","modified_gmt":"2015-09-21T16:38:48","slug":"our-services","status":"publish","type":"page","link":"https:\/\/rockpark.com.tr\/index.php\/our-services\/","title":{"rendered":"Teslimat Bilgileri"},"content":{"rendered":"<div class=\"vc_row wpb_row vc_row-fluid\"><div class=\"wpb_column vc_column_container vc_col-sm-12\"><div class=\"wpb_wrapper\">  \n    <div class=\"cg-strip cg-strip-wrap fade-in animate\" style=\"background-color:#000000!important; height:350px; \">\n      <div class=\"cg-strip-bg cg_parallax\" style=\"background-image:url(); \"data-center=\"background-position: 50% 50%;\" data-top-bottom=\"background-position: 50% 0%\" data-bottom-top=\"background-position: 50% 95%\"><\/div>\n        <div class=\"row\">\n          <div style=\"width:50%\"  class=\"cg-pos  valign-center halign-center animate\" data-animate=\"fadeInDown\">\n            <div class=\"cg-strip-content cg-strip-419733558 light text-align-center\"data-center-bottom=\"opacity: 1\" data--150-top=\"opacity: 0\" data-anchor-target=\".cg-strip-419733558\"><\/p>\n<h1 style=\"text-align: center;\">Teslimat Bilgileri<\/h1>\n<p><\/div>\n          <\/div>\n        <\/div>\n    <\/div>\n  <\/div><\/div><\/div><div class=\"vc_row wpb_row vc_row-fluid vc_custom_1413035357045\"><div class=\"wpb_column vc_column_container vc_col-sm-12\"><div class=\"wpb_wrapper\">\n\t<div class=\"wpb_text_column wpb_content_element \">\n\t\t<div class=\"wpb_wrapper\">\n\t\t\t<p>Yurti\u00e7inden verilen sipari\u015fler, sipari\u015fe ait tutar\u0131n tahsilat zaman\u0131 ve (mevcut ise) stok \u00f6nceli\u011fine g\u00f6re 5 \u201ci\u015f g\u00fcn\u00fc\u201d* i\u00e7inde belirtilen teslimat adresine ula\u015ft\u0131r\u0131l\u0131r. Kargo firmalar\u0131na dair se\u00e7enekler al\u0131\u015fveri\u015f s\u0131ras\u0131nda m\u00fc\u015fterilere sunulur.<br data-id=\"eb85b6ed-93e7-4880-bcaa-0f026ce1babc\" \/> <br data-id=\"bcaac8c1-3568-4a74-9a6e-ac90ec75198a\" \/> Sitemizde kargo \u00fccreti hesaplan\u0131rken a\u015fa\u011f\u0131daki konular belirleyici olmaktad\u0131r:<br data-id=\"b91929f8-9b21-429d-9992-a858cdf13b8b\" \/> <br data-id=\"639e0964-899b-4758-8525-17750d554c02\" \/> <b data-id=\"9a6c0f8d-2362-44d8-a041-a5992e5f1aaa\">1- Se\u00e7ilen \u00fcr\u00fcnlerin toplam a\u011f\u0131rl\u0131\u011f\u0131:<\/b>\u00a0Toplam a\u011f\u0131rl\u0131k, sipari\u015fte yer alan her bir \u00fcr\u00fcn\u00fcn sistemimizde kay\u0131tl\u0131 olan a\u011f\u0131rl\u0131\u011f\u0131 kullan\u0131larak al\u0131\u015fveri\u015f s\u0131ras\u0131nda otomatik olarak hesaplanmaktad\u0131r.<br data-id=\"645bc9f7-11cc-459f-9eec-0df14895049b\" \/> <br data-id=\"366b2911-8b5a-4655-b27c-b047ddef2f42\" \/> <b data-id=\"81140211-130a-4d98-b38a-4a675143786e\">2- Teslimat\u0131n yap\u0131laca\u011f\u0131 lokasyon:<\/b>\u00a0T\u00fcrkiye i\u00e7i ve yurtd\u0131\u015f\u0131 g\u00f6nderi tarifeleri farkl\u0131d\u0131r. Yurti\u00e7i g\u00f6nderiler de, kargonun teslim edilece\u011fi kentlere g\u00f6re ayr\u0131ca hesaplanmaktad\u0131r. * Kur d\u00f6n\u00fc\u015f\u00fcmlerinde Merkez Bankas\u0131 kurlar\u0131 baz al\u0131nmaktad\u0131r.<br data-id=\"571e1718-d7fe-4532-b796-99ea2733ac21\" \/> <br data-id=\"9a1d141f-6acc-42e1-95ba-8ab6fe9c7565\" \/> 100 TL ve \u00fczeri tutardaki yurti\u00e7i sipari\u015flerinizde kargo \u00fccreti al\u0131nmayacakt\u0131r.<br data-id=\"31bbfcb2-69b3-46ad-badb-8c2c37757657\" \/> <br data-id=\"f4f60ba3-8964-471f-af9a-e774b7468c0b\" \/> Yurtd\u0131\u015f\u0131na g\u00f6nderilecek sipari\u015flerde kargo \u00fccreti farkl\u0131 bir \u015fekilde hesaplanmaktad\u0131r. Bilgi almak i\u00e7in l\u00fctfen\u00a0<a href=\"mailto:info@rockpark.com.tr\" data-id=\"61bff209-5f09-4bb9-816b-e72a220567b9\">t\u0131klay\u0131n<\/a><br data-id=\"6cdfe808-f59b-4c65-99a3-65cefb9cebbc\" \/> <br data-id=\"85aef60e-fa7a-4bc4-bdd9-79379f6d1ddd\" \/> <b data-id=\"073fcccf-1cdb-4c9f-bc7a-ebbe33ca68a6\">3- Se\u00e7ilen kargo firmas\u0131:<\/b>\u00a0Farkl\u0131 firmalara ba\u011fl\u0131 olarak de\u011fi\u015fen \u00fccret se\u00e7enekleri, sipari\u015f s\u00fcrecindeki adres a\u015famas\u0131ndan sonra se\u00e7iminize sunulmaktad\u0131r.<\/p>\n\n\t\t<\/div> \n\t<\/div> <\/div><\/div><\/div><div class=\"vc_row wpb_row vc_row-fluid\"><div class=\"wpb_column vc_column_container vc_col-sm-12\"><div class=\"wpb_wrapper\">        \n\t<script type=\"text\/javascript\">\n\n\tjQuery(document).ready(function($) {\n\n\t\t$(\"#owlslider_460496688\").owlCarousel({\n\t\t\tautoPlay: 4000, \n\t\t\titems : 5,\n\t\t\tpagination : false,\n\t\t\tstopOnHover : true,\n\t\t\titemsDesktop : [1199,4],\n\t\t\titemsDesktopSmall : [979,3]\n\t\t}); \n\t});\n\n\t<\/script>\n\n<div class=\"cg-logos\">\n\t<div class=\"row\">\n\t\t<div id=\"owlslider_460496688\" class=\"owl-carousel\">\n\t\t\t\t\t\t\t\n\t\t\t\t\n\t\t\t\t<div class=\"item\">\n\t\t\t\t\t<a href=\"https:\/\/api.whatsapp.com\/send?phone=905422142724\">\n\t\t\t\t\t\t<img decoding=\"async\" alt=\"logo\" src=\"https:\/\/rockpark.com.tr\/wp-content\/uploads\/whatsapp.jpg\">\n\t\t\t\t\t<\/a>\n\t\t\t\t<\/div>\n\n\t\t\t\n\t\t\t\t\n\t\t\t\t<div class=\"item\">\n\t\t\t\t\t<a href=\"https:\/\/www.instagram.com\/rockparkofficial\/\">\n\t\t\t\t\t\t<img decoding=\"async\" alt=\"logo\" src=\"https:\/\/rockpark.com.tr\/wp-content\/uploads\/instagram.jpg\">\n\t\t\t\t\t<\/a>\n\t\t\t\t<\/div>\n\n\t\t\t\t\t\t\n\t\t\t\n\t\t<\/div>\n\t<\/div>\n<\/div>\n\n<\/div><\/div><\/div>\n","protected":false},"excerpt":{"rendered":"","protected":false},"author":1,"featured_media":0,"parent":0,"menu_order":0,"comment_status":"open","ping_status":"closed","template":"page-full-width.php","meta":{"footnotes":""},"class_list":["post-2111","page","type-page","status-publish","hentry"],"_links":{"self":[{"href":"https:\/\/rockpark.com.tr\/index.php\/wp-json\/wp\/v2\/pages\/2111","targetHints":{"allow":["GET"]}}],"collection":[{"href":"https:\/\/rockpark.com.tr\/index.php\/wp-json\/wp\/v2\/pages"}],"about":[{"href":"https:\/\/rockpark.com.tr\/index.php\/wp-json\/wp\/v2\/types\/page"}],"author":[{"embeddable":true,"href":"https:\/\/rockpark.com.tr\/index.php\/wp-json\/wp\/v2\/users\/1"}],"replies":[{"embeddable":true,"href":"https:\/\/rockpark.com.tr\/index.php\/wp-json\/wp\/v2\/comments?post=2111"}],"version-history":[{"count":3,"href":"https:\/\/rockpark.com.tr\/index.php\/wp-json\/wp\/v2\/pages\/2111\/revisions"}],"predecessor-version":[{"id":66630,"href":"https:\/\/rockpark.com.tr\/index.php\/wp-json\/wp\/v2\/pages\/2111\/revisions\/66630"}],"wp:attachment":[{"href":"https:\/\/rockpark.com.tr\/index.php\/wp-json\/wp\/v2\/media?parent=2111"}],"curies":[{"name":"wp","href":"https:\/\/api.w.org\/{rel}","templated":true}]}}